{"id":626,"date":"2016-11-13T10:46:00","date_gmt":"2016-11-13T09:46:00","guid":{"rendered":"http:\/\/www.andicsalpar.hu\/?page_id=626"},"modified":"2020-03-01T09:30:47","modified_gmt":"2020-03-01T08:30:47","slug":"cila-kedvenc-versei-iv-a-termeszetben","status":"publish","type":"page","link":"https:\/\/www.andicsalpar.hu\/wordpress\/?page_id=626","title":{"rendered":"Cila kedvenc versei IV. A term\u00e9szetben"},"content":{"rendered":"<p><a href=\"http:\/\/www.andicsalpar.hu\/wordpress\/wp-content\/uploads\/2016\/11\/0-Borit\u00f3lap-1.png\"><img loading=\"lazy\" decoding=\"async\" class=\"alignnone size-full wp-image-590\" src=\"http:\/\/www.andicsalpar.hu\/wordpress\/wp-content\/uploads\/2016\/11\/0-Borit\u00f3lap-1.png\" alt=\"0-boritolap\" width=\"1015\" height=\"1440\" srcset=\"https:\/\/www.andicsalpar.hu\/wordpress\/wp-content\/uploads\/2016\/11\/0-Borit\u00f3lap-1.png 1015w, https:\/\/www.andicsalpar.hu\/wordpress\/wp-content\/uploads\/2016\/11\/0-Borit\u00f3lap-1-768x1090.png 768w\" sizes=\"auto, (max-width: 1015px) 100vw, 1015px\" \/><\/a> <a href=\"http:\/\/www.andicsalpar.hu\/wordpress\/wp-content\/uploads\/2016\/11\/1-B\u00fazavir\u00e1g.png\"><img loading=\"lazy\" decoding=\"async\" class=\"alignnone size-full wp-image-591\" src=\"http:\/\/www.andicsalpar.hu\/wordpress\/wp-content\/uploads\/2016\/11\/1-B\u00fazavir\u00e1g.png\" alt=\"1-buzavirag\" width=\"1015\" height=\"1440\" srcset=\"https:\/\/www.andicsalpar.hu\/wordpress\/wp-content\/uploads\/2016\/11\/1-B\u00fazavir\u00e1g.png 1015w, https:\/\/www.andicsalpar.hu\/wordpress\/wp-content\/uploads\/2016\/11\/1-B\u00fazavir\u00e1g-768x1090.png 768w\" sizes=\"auto, (max-width: 1015px) 100vw, 1015px\" \/><\/a> <a href=\"http:\/\/www.andicsalpar.hu\/wordpress\/wp-content\/uploads\/2016\/11\/2-Gy\u00f6ngyvir\u00e1g.png\"><img loading=\"lazy\" decoding=\"async\" class=\"alignnone size-full wp-image-592\" src=\"http:\/\/www.andicsalpar.hu\/wordpress\/wp-content\/uploads\/2016\/11\/2-Gy\u00f6ngyvir\u00e1g.png\" alt=\"2-gyongyvirag\" width=\"1015\" height=\"1440\" srcset=\"https:\/\/www.andicsalpar.hu\/wordpress\/wp-content\/uploads\/2016\/11\/2-Gy\u00f6ngyvir\u00e1g.png 1015w, https:\/\/www.andicsalpar.hu\/wordpress\/wp-content\/uploads\/2016\/11\/2-Gy\u00f6ngyvir\u00e1g-768x1090.png 768w\" sizes=\"auto, (max-width: 1015px) 100vw, 1015px\" \/><\/a> <a href=\"http:\/\/www.andicsalpar.hu\/wordpress\/wp-content\/uploads\/2016\/11\/3-R\u00e9ti-margar\u00e9ta.png\"><img loading=\"lazy\" decoding=\"async\" class=\"alignnone size-full wp-image-593\" src=\"http:\/\/www.andicsalpar.hu\/wordpress\/wp-content\/uploads\/2016\/11\/3-R\u00e9ti-margar\u00e9ta.png\" alt=\"3-reti-margareta\" width=\"1015\" height=\"1440\" srcset=\"https:\/\/www.andicsalpar.hu\/wordpress\/wp-content\/uploads\/2016\/11\/3-R\u00e9ti-margar\u00e9ta.png 1015w, https:\/\/www.andicsalpar.hu\/wordpress\/wp-content\/uploads\/2016\/11\/3-R\u00e9ti-margar\u00e9ta-768x1090.png 768w\" sizes=\"auto, (max-width: 1015px) 100vw, 1015px\" \/><\/a> <a href=\"http:\/\/www.andicsalpar.hu\/wordpress\/wp-content\/uploads\/2016\/11\/4-R\u00e9ti-margar\u00e9ta-folytat\u00e1s-I.png\"><img loading=\"lazy\" decoding=\"async\" class=\"alignnone size-full wp-image-594\" src=\"http:\/\/www.andicsalpar.hu\/wordpress\/wp-content\/uploads\/2016\/11\/4-R\u00e9ti-margar\u00e9ta-folytat\u00e1s-I.png\" alt=\"4-reti-margareta-folytatas-i\" width=\"1015\" height=\"1440\" srcset=\"https:\/\/www.andicsalpar.hu\/wordpress\/wp-content\/uploads\/2016\/11\/4-R\u00e9ti-margar\u00e9ta-folytat\u00e1s-I.png 1015w, https:\/\/www.andicsalpar.hu\/wordpress\/wp-content\/uploads\/2016\/11\/4-R\u00e9ti-margar\u00e9ta-folytat\u00e1s-I-768x1090.png 768w\" sizes=\"auto, (max-width: 1015px) 100vw, 1015px\" \/><\/a> <a href=\"http:\/\/www.andicsalpar.hu\/wordpress\/wp-content\/uploads\/2016\/11\/5-R\u00e9ti-margar\u00e9ta-folytat\u00e1s-II.png\"><img loading=\"lazy\" decoding=\"async\" class=\"alignnone size-full wp-image-595\" src=\"http:\/\/www.andicsalpar.hu\/wordpress\/wp-content\/uploads\/2016\/11\/5-R\u00e9ti-margar\u00e9ta-folytat\u00e1s-II.png\" alt=\"5-reti-margareta-folytatas-ii\" width=\"1015\" height=\"1440\" srcset=\"https:\/\/www.andicsalpar.hu\/wordpress\/wp-content\/uploads\/2016\/11\/5-R\u00e9ti-margar\u00e9ta-folytat\u00e1s-II.png 1015w, https:\/\/www.andicsalpar.hu\/wordpress\/wp-content\/uploads\/2016\/11\/5-R\u00e9ti-margar\u00e9ta-folytat\u00e1s-II-768x1090.png 768w\" sizes=\"auto, (max-width: 1015px) 100vw, 1015px\" \/><\/a> <a href=\"http:\/\/www.andicsalpar.hu\/wordpress\/wp-content\/uploads\/2016\/11\/6-H\u00f3vir\u00e1g.png\"><img loading=\"lazy\" decoding=\"async\" class=\"alignnone size-full wp-image-596\" src=\"http:\/\/www.andicsalpar.hu\/wordpress\/wp-content\/uploads\/2016\/11\/6-H\u00f3vir\u00e1g.png\" alt=\"6-hovirag\" width=\"1015\" height=\"1440\" srcset=\"https:\/\/www.andicsalpar.hu\/wordpress\/wp-content\/uploads\/2016\/11\/6-H\u00f3vir\u00e1g.png 1015w, https:\/\/www.andicsalpar.hu\/wordpress\/wp-content\/uploads\/2016\/11\/6-H\u00f3vir\u00e1g-768x1090.png 768w\" sizes=\"auto, (max-width: 1015px) 100vw, 1015px\" \/><\/a> <a href=\"http:\/\/www.andicsalpar.hu\/wordpress\/wp-content\/uploads\/2016\/11\/7-Szerelmes-\u00e9vszakok.png\"><img loading=\"lazy\" decoding=\"async\" class=\"alignnone size-full wp-image-597\" src=\"http:\/\/www.andicsalpar.hu\/wordpress\/wp-content\/uploads\/2016\/11\/7-Szerelmes-\u00e9vszakok.png\" alt=\"7-szerelmes-evszakok\" width=\"1015\" height=\"1440\" srcset=\"https:\/\/www.andicsalpar.hu\/wordpress\/wp-content\/uploads\/2016\/11\/7-Szerelmes-\u00e9vszakok.png 1015w, https:\/\/www.andicsalpar.hu\/wordpress\/wp-content\/uploads\/2016\/11\/7-Szerelmes-\u00e9vszakok-768x1090.png 768w\" sizes=\"auto, (max-width: 1015px) 100vw, 1015px\" \/><\/a> <a href=\"http:\/\/www.andicsalpar.hu\/wordpress\/wp-content\/uploads\/2016\/11\/8-A-bokor-\u00e9s-a-sz\u00e9ncinege.png\"><img loading=\"lazy\" decoding=\"async\" class=\"alignnone size-full wp-image-598\" src=\"http:\/\/www.andicsalpar.hu\/wordpress\/wp-content\/uploads\/2016\/11\/8-A-bokor-\u00e9s-a-sz\u00e9ncinege.png\" alt=\"8-a-bokor-es-a-szencinege\" width=\"1015\" height=\"1440\" srcset=\"https:\/\/www.andicsalpar.hu\/wordpress\/wp-content\/uploads\/2016\/11\/8-A-bokor-\u00e9s-a-sz\u00e9ncinege.png 1015w, https:\/\/www.andicsalpar.hu\/wordpress\/wp-content\/uploads\/2016\/11\/8-A-bokor-\u00e9s-a-sz\u00e9ncinege-768x1090.png 768w\" sizes=\"auto, (max-width: 1015px) 100vw, 1015px\" \/><\/a> <a href=\"http:\/\/www.andicsalpar.hu\/wordpress\/wp-content\/uploads\/2016\/11\/9-A-bokor-\u00e9s-a-sz\u00e9ncinege-II.png\"><img loading=\"lazy\" decoding=\"async\" class=\"alignnone size-full wp-image-599\" src=\"http:\/\/www.andicsalpar.hu\/wordpress\/wp-content\/uploads\/2016\/11\/9-A-bokor-\u00e9s-a-sz\u00e9ncinege-II.png\" alt=\"9-a-bokor-es-a-szencinege-ii\" width=\"1015\" height=\"1440\" srcset=\"https:\/\/www.andicsalpar.hu\/wordpress\/wp-content\/uploads\/2016\/11\/9-A-bokor-\u00e9s-a-sz\u00e9ncinege-II.png 1015w, https:\/\/www.andicsalpar.hu\/wordpress\/wp-content\/uploads\/2016\/11\/9-A-bokor-\u00e9s-a-sz\u00e9ncinege-II-768x1090.png 768w\" sizes=\"auto, (max-width: 1015px) 100vw, 1015px\" \/><\/a> <a href=\"http:\/\/www.andicsalpar.hu\/wordpress\/wp-content\/uploads\/2016\/11\/10-A-bokor-\u00e9s-a-sz\u00e9ncinege-III.png\"><img loading=\"lazy\" decoding=\"async\" class=\"alignnone size-full wp-image-600\" src=\"http:\/\/www.andicsalpar.hu\/wordpress\/wp-content\/uploads\/2016\/11\/10-A-bokor-\u00e9s-a-sz\u00e9ncinege-III.png\" alt=\"10-a-bokor-es-a-szencinege-iii\" width=\"1015\" height=\"1440\" srcset=\"https:\/\/www.andicsalpar.hu\/wordpress\/wp-content\/uploads\/2016\/11\/10-A-bokor-\u00e9s-a-sz\u00e9ncinege-III.png 1015w, https:\/\/www.andicsalpar.hu\/wordpress\/wp-content\/uploads\/2016\/11\/10-A-bokor-\u00e9s-a-sz\u00e9ncinege-III-768x1090.png 768w\" sizes=\"auto, (max-width: 1015px) 100vw, 1015px\" \/><\/a> <a href=\"http:\/\/www.andicsalpar.hu\/wordpress\/wp-content\/uploads\/2016\/11\/11-A-bokor-\u00e9s-a-sz\u00e9ncinege-IV.png\"><img loading=\"lazy\" decoding=\"async\" class=\"alignnone size-full wp-image-601\" src=\"http:\/\/www.andicsalpar.hu\/wordpress\/wp-content\/uploads\/2016\/11\/11-A-bokor-\u00e9s-a-sz\u00e9ncinege-IV.png\" alt=\"11-a-bokor-es-a-szencinege-iv\" width=\"1015\" height=\"1440\" srcset=\"https:\/\/www.andicsalpar.hu\/wordpress\/wp-content\/uploads\/2016\/11\/11-A-bokor-\u00e9s-a-sz\u00e9ncinege-IV.png 1015w, https:\/\/www.andicsalpar.hu\/wordpress\/wp-content\/uploads\/2016\/11\/11-A-bokor-\u00e9s-a-sz\u00e9ncinege-IV-768x1090.png 768w\" sizes=\"auto, (max-width: 1015px) 100vw, 1015px\" \/><\/a> <a href=\"http:\/\/www.andicsalpar.hu\/wordpress\/wp-content\/uploads\/2016\/11\/12-A-bokor-\u00e9s-a-sz\u00e9ncinege-V.png\"><img loading=\"lazy\" decoding=\"async\" class=\"alignnone size-full wp-image-602\" src=\"http:\/\/www.andicsalpar.hu\/wordpress\/wp-content\/uploads\/2016\/11\/12-A-bokor-\u00e9s-a-sz\u00e9ncinege-V.png\" alt=\"12-a-bokor-es-a-szencinege-v\" width=\"1015\" height=\"1440\" srcset=\"https:\/\/www.andicsalpar.hu\/wordpress\/wp-content\/uploads\/2016\/11\/12-A-bokor-\u00e9s-a-sz\u00e9ncinege-V.png 1015w, https:\/\/www.andicsalpar.hu\/wordpress\/wp-content\/uploads\/2016\/11\/12-A-bokor-\u00e9s-a-sz\u00e9ncinege-V-768x1090.png 768w\" sizes=\"auto, (max-width: 1015px) 100vw, 1015px\" \/><\/a> <a href=\"http:\/\/www.andicsalpar.hu\/wordpress\/wp-content\/uploads\/2016\/11\/13-\u00c1lmodoz\u00f3.png\"><img loading=\"lazy\" decoding=\"async\" class=\"alignnone size-full wp-image-603\" src=\"http:\/\/www.andicsalpar.hu\/wordpress\/wp-content\/uploads\/2016\/11\/13-\u00c1lmodoz\u00f3.png\" alt=\"13-almodozo\" width=\"1015\" height=\"1440\" srcset=\"https:\/\/www.andicsalpar.hu\/wordpress\/wp-content\/uploads\/2016\/11\/13-\u00c1lmodoz\u00f3.png 1015w, https:\/\/www.andicsalpar.hu\/wordpress\/wp-content\/uploads\/2016\/11\/13-\u00c1lmodoz\u00f3-768x1090.png 768w\" sizes=\"auto, (max-width: 1015px) 100vw, 1015px\" \/><\/a> <a href=\"http:\/\/www.andicsalpar.hu\/wordpress\/wp-content\/uploads\/2016\/11\/14-\u00c1lmodoz\u00f3-II.png\"><img loading=\"lazy\" decoding=\"async\" class=\"alignnone size-full wp-image-604\" src=\"http:\/\/www.andicsalpar.hu\/wordpress\/wp-content\/uploads\/2016\/11\/14-\u00c1lmodoz\u00f3-II.png\" alt=\"14-almodozo-ii\" width=\"1015\" height=\"1440\" srcset=\"https:\/\/www.andicsalpar.hu\/wordpress\/wp-content\/uploads\/2016\/11\/14-\u00c1lmodoz\u00f3-II.png 1015w, https:\/\/www.andicsalpar.hu\/wordpress\/wp-content\/uploads\/2016\/11\/14-\u00c1lmodoz\u00f3-II-768x1090.png 768w\" sizes=\"auto, (max-width: 1015px) 100vw, 1015px\" \/><\/a> <a href=\"http:\/\/www.andicsalpar.hu\/wordpress\/wp-content\/uploads\/2016\/11\/15-\u00c1lmodoz\u00f3-III.png\"><img loading=\"lazy\" decoding=\"async\" class=\"alignnone size-full wp-image-605\" src=\"http:\/\/www.andicsalpar.hu\/wordpress\/wp-content\/uploads\/2016\/11\/15-\u00c1lmodoz\u00f3-III.png\" alt=\"15-almodozo-iii\" width=\"1015\" height=\"1440\" srcset=\"https:\/\/www.andicsalpar.hu\/wordpress\/wp-content\/uploads\/2016\/11\/15-\u00c1lmodoz\u00f3-III.png 1015w, https:\/\/www.andicsalpar.hu\/wordpress\/wp-content\/uploads\/2016\/11\/15-\u00c1lmodoz\u00f3-III-768x1090.png 768w\" sizes=\"auto, (max-width: 1015px) 100vw, 1015px\" \/><\/a> <a href=\"http:\/\/www.andicsalpar.hu\/wordpress\/wp-content\/uploads\/2016\/11\/16-\u00c1lmodoz\u00f3-IV.png\"><img loading=\"lazy\" decoding=\"async\" class=\"alignnone size-full wp-image-606\" src=\"http:\/\/www.andicsalpar.hu\/wordpress\/wp-content\/uploads\/2016\/11\/16-\u00c1lmodoz\u00f3-IV.png\" alt=\"16-almodozo-iv\" width=\"1015\" height=\"1440\" srcset=\"https:\/\/www.andicsalpar.hu\/wordpress\/wp-content\/uploads\/2016\/11\/16-\u00c1lmodoz\u00f3-IV.png 1015w, https:\/\/www.andicsalpar.hu\/wordpress\/wp-content\/uploads\/2016\/11\/16-\u00c1lmodoz\u00f3-IV-768x1090.png 768w\" sizes=\"auto, (max-width: 1015px) 100vw, 1015px\" \/><\/a> <a href=\"http:\/\/www.andicsalpar.hu\/wordpress\/wp-content\/uploads\/2016\/11\/17-H\u00e9ttorny\u00fa-fellegv\u00e1r.png\"><img loading=\"lazy\" decoding=\"async\" class=\"alignnone size-full wp-image-607\" src=\"http:\/\/www.andicsalpar.hu\/wordpress\/wp-content\/uploads\/2016\/11\/17-H\u00e9ttorny\u00fa-fellegv\u00e1r.png\" alt=\"17-hettornyu-fellegvar\" width=\"1015\" height=\"1440\" srcset=\"https:\/\/www.andicsalpar.hu\/wordpress\/wp-content\/uploads\/2016\/11\/17-H\u00e9ttorny\u00fa-fellegv\u00e1r.png 1015w, https:\/\/www.andicsalpar.hu\/wordpress\/wp-content\/uploads\/2016\/11\/17-H\u00e9ttorny\u00fa-fellegv\u00e1r-768x1090.png 768w\" sizes=\"auto, (max-width: 1015px) 100vw, 1015px\" \/><\/a> <a href=\"http:\/\/www.andicsalpar.hu\/wordpress\/wp-content\/uploads\/2016\/11\/18-H\u00e9ttorny\u00fa-fellegv\u00e1r-folyt..png\"><img loading=\"lazy\" decoding=\"async\" class=\"alignnone size-full wp-image-608\" src=\"http:\/\/www.andicsalpar.hu\/wordpress\/wp-content\/uploads\/2016\/11\/18-H\u00e9ttorny\u00fa-fellegv\u00e1r-folyt..png\" alt=\"18-hettornyu-fellegvar-folyt\" width=\"1015\" height=\"1440\" srcset=\"https:\/\/www.andicsalpar.hu\/wordpress\/wp-content\/uploads\/2016\/11\/18-H\u00e9ttorny\u00fa-fellegv\u00e1r-folyt..png 1015w, https:\/\/www.andicsalpar.hu\/wordpress\/wp-content\/uploads\/2016\/11\/18-H\u00e9ttorny\u00fa-fellegv\u00e1r-folyt.-768x1090.png 768w\" sizes=\"auto, (max-width: 1015px) 100vw, 1015px\" \/><\/a> <a href=\"http:\/\/www.andicsalpar.hu\/wordpress\/wp-content\/uploads\/2016\/11\/19-Es\u0151.png\"><img loading=\"lazy\" decoding=\"async\" class=\"alignnone size-full wp-image-609\" src=\"http:\/\/www.andicsalpar.hu\/wordpress\/wp-content\/uploads\/2016\/11\/19-Es\u0151.png\" alt=\"19-eso\" width=\"1015\" height=\"1440\" srcset=\"https:\/\/www.andicsalpar.hu\/wordpress\/wp-content\/uploads\/2016\/11\/19-Es\u0151.png 1015w, https:\/\/www.andicsalpar.hu\/wordpress\/wp-content\/uploads\/2016\/11\/19-Es\u0151-768x1090.png 768w\" sizes=\"auto, (max-width: 1015px) 100vw, 1015px\" \/><\/a> <a href=\"http:\/\/www.andicsalpar.hu\/wordpress\/wp-content\/uploads\/2016\/11\/20-Es\u0151-folyt.I.png\"><img loading=\"lazy\" decoding=\"async\" class=\"alignnone size-full wp-image-610\" src=\"http:\/\/www.andicsalpar.hu\/wordpress\/wp-content\/uploads\/2016\/11\/20-Es\u0151-folyt.I.png\" alt=\"20-eso-folyt-i\" width=\"1015\" height=\"1440\" srcset=\"https:\/\/www.andicsalpar.hu\/wordpress\/wp-content\/uploads\/2016\/11\/20-Es\u0151-folyt.I.png 1015w, https:\/\/www.andicsalpar.hu\/wordpress\/wp-content\/uploads\/2016\/11\/20-Es\u0151-folyt.I-768x1090.png 768w\" sizes=\"auto, (max-width: 1015px) 100vw, 1015px\" \/><\/a> <a href=\"http:\/\/www.andicsalpar.hu\/wordpress\/wp-content\/uploads\/2016\/11\/21-Es\u0151-folyt.II_..png\"><img loading=\"lazy\" decoding=\"async\" class=\"alignnone size-full wp-image-611\" src=\"http:\/\/www.andicsalpar.hu\/wordpress\/wp-content\/uploads\/2016\/11\/21-Es\u0151-folyt.II_..png\" alt=\"21-eso-folyt-ii\" width=\"1015\" height=\"1440\" srcset=\"https:\/\/www.andicsalpar.hu\/wordpress\/wp-content\/uploads\/2016\/11\/21-Es\u0151-folyt.II_..png 1015w, https:\/\/www.andicsalpar.hu\/wordpress\/wp-content\/uploads\/2016\/11\/21-Es\u0151-folyt.II_.-768x1090.png 768w\" sizes=\"auto, (max-width: 1015px) 100vw, 1015px\" \/><\/a> <a href=\"http:\/\/www.andicsalpar.hu\/wordpress\/wp-content\/uploads\/2016\/11\/22-Pipacsos-\u00fat.png\"><img loading=\"lazy\" decoding=\"async\" class=\"alignnone size-full wp-image-612\" src=\"http:\/\/www.andicsalpar.hu\/wordpress\/wp-content\/uploads\/2016\/11\/22-Pipacsos-\u00fat.png\" alt=\"22-pipacsos-ut\" width=\"1015\" height=\"1440\" srcset=\"https:\/\/www.andicsalpar.hu\/wordpress\/wp-content\/uploads\/2016\/11\/22-Pipacsos-\u00fat.png 1015w, https:\/\/www.andicsalpar.hu\/wordpress\/wp-content\/uploads\/2016\/11\/22-Pipacsos-\u00fat-768x1090.png 768w\" sizes=\"auto, (max-width: 1015px) 100vw, 1015px\" \/><\/a> <a href=\"http:\/\/www.andicsalpar.hu\/wordpress\/wp-content\/uploads\/2016\/11\/23-Pattogatott-kikorica.png\"><img loading=\"lazy\" decoding=\"async\" class=\"alignnone size-full wp-image-613\" src=\"http:\/\/www.andicsalpar.hu\/wordpress\/wp-content\/uploads\/2016\/11\/23-Pattogatott-kikorica.png\" alt=\"23-pattogatott-kikorica\" width=\"1015\" height=\"1440\" srcset=\"https:\/\/www.andicsalpar.hu\/wordpress\/wp-content\/uploads\/2016\/11\/23-Pattogatott-kikorica.png 1015w, https:\/\/www.andicsalpar.hu\/wordpress\/wp-content\/uploads\/2016\/11\/23-Pattogatott-kikorica-768x1090.png 768w\" sizes=\"auto, (max-width: 1015px) 100vw, 1015px\" \/><\/a> <a href=\"http:\/\/www.andicsalpar.hu\/wordpress\/wp-content\/uploads\/2016\/11\/24-Pattogatott-kukorica-ffolyt..png\"><img loading=\"lazy\" decoding=\"async\" class=\"alignnone size-full wp-image-614\" src=\"http:\/\/www.andicsalpar.hu\/wordpress\/wp-content\/uploads\/2016\/11\/24-Pattogatott-kukorica-ffolyt..png\" alt=\"24-pattogatott-kukorica-ffolyt\" width=\"1015\" height=\"1440\" srcset=\"https:\/\/www.andicsalpar.hu\/wordpress\/wp-content\/uploads\/2016\/11\/24-Pattogatott-kukorica-ffolyt..png 1015w, https:\/\/www.andicsalpar.hu\/wordpress\/wp-content\/uploads\/2016\/11\/24-Pattogatott-kukorica-ffolyt.-768x1090.png 768w\" sizes=\"auto, (max-width: 1015px) 100vw, 1015px\" \/><\/a> <a href=\"http:\/\/www.andicsalpar.hu\/wordpress\/wp-content\/uploads\/2016\/11\/25-N\u00f3t\u00e1z\u00f3-Cil\u00e1nak.png\"><img loading=\"lazy\" decoding=\"async\" class=\"alignnone size-full wp-image-615\" src=\"http:\/\/www.andicsalpar.hu\/wordpress\/wp-content\/uploads\/2016\/11\/25-N\u00f3t\u00e1z\u00f3-Cil\u00e1nak.png\" alt=\"25-notazo-cilanak\" width=\"1015\" height=\"1440\" srcset=\"https:\/\/www.andicsalpar.hu\/wordpress\/wp-content\/uploads\/2016\/11\/25-N\u00f3t\u00e1z\u00f3-Cil\u00e1nak.png 1015w, https:\/\/www.andicsalpar.hu\/wordpress\/wp-content\/uploads\/2016\/11\/25-N\u00f3t\u00e1z\u00f3-Cil\u00e1nak-768x1090.png 768w\" sizes=\"auto, (max-width: 1015px) 100vw, 1015px\" \/><\/a> <a href=\"http:\/\/www.andicsalpar.hu\/wordpress\/wp-content\/uploads\/2016\/11\/26-N\u00f3t\u00e1z\u00f3-Cil\u00e1nak-folyt..png\"><img loading=\"lazy\" decoding=\"async\" class=\"alignnone size-full wp-image-616\" src=\"http:\/\/www.andicsalpar.hu\/wordpress\/wp-content\/uploads\/2016\/11\/26-N\u00f3t\u00e1z\u00f3-Cil\u00e1nak-folyt..png\" alt=\"26-notazo-cilanak-folyt\" width=\"1015\" height=\"1440\" srcset=\"https:\/\/www.andicsalpar.hu\/wordpress\/wp-content\/uploads\/2016\/11\/26-N\u00f3t\u00e1z\u00f3-Cil\u00e1nak-folyt..png 1015w, https:\/\/www.andicsalpar.hu\/wordpress\/wp-content\/uploads\/2016\/11\/26-N\u00f3t\u00e1z\u00f3-Cil\u00e1nak-folyt.-768x1090.png 768w\" sizes=\"auto, (max-width: 1015px) 100vw, 1015px\" \/><\/a> <a href=\"http:\/\/www.andicsalpar.hu\/wordpress\/wp-content\/uploads\/2016\/11\/27-Cila-eml\u00e9kk\u00f6nyvv\u00e9be.png\"><img loading=\"lazy\" decoding=\"async\" class=\"alignnone size-full wp-image-617\" src=\"http:\/\/www.andicsalpar.hu\/wordpress\/wp-content\/uploads\/2016\/11\/27-Cila-eml\u00e9kk\u00f6nyvv\u00e9be.png\" alt=\"27-cila-emlekkonyvvebe\" width=\"1015\" height=\"1440\" srcset=\"https:\/\/www.andicsalpar.hu\/wordpress\/wp-content\/uploads\/2016\/11\/27-Cila-eml\u00e9kk\u00f6nyvv\u00e9be.png 1015w, https:\/\/www.andicsalpar.hu\/wordpress\/wp-content\/uploads\/2016\/11\/27-Cila-eml\u00e9kk\u00f6nyvv\u00e9be-768x1090.png 768w\" sizes=\"auto, (max-width: 1015px) 100vw, 1015px\" \/><\/a> <a href=\"http:\/\/www.andicsalpar.hu\/wordpress\/wp-content\/uploads\/2016\/11\/28-Gomb\u00e1k.png\"><img loading=\"lazy\" decoding=\"async\" class=\"alignnone size-full wp-image-618\" src=\"http:\/\/www.andicsalpar.hu\/wordpress\/wp-content\/uploads\/2016\/11\/28-Gomb\u00e1k.png\" alt=\"28-gombak\" width=\"1015\" height=\"1440\" srcset=\"https:\/\/www.andicsalpar.hu\/wordpress\/wp-content\/uploads\/2016\/11\/28-Gomb\u00e1k.png 1015w, https:\/\/www.andicsalpar.hu\/wordpress\/wp-content\/uploads\/2016\/11\/28-Gomb\u00e1k-768x1090.png 768w\" sizes=\"auto, (max-width: 1015px) 100vw, 1015px\" \/><\/a><\/p>\n","protected":false},"excerpt":{"rendered":"","protected":false},"author":2,"featured_media":0,"parent":907,"menu_order":0,"comment_status":"closed","ping_status":"closed","template":"","meta":{"footnotes":""},"class_list":["post-626","page","type-page","status-publish","hentry"],"_links":{"self":[{"href":"https:\/\/www.andicsalpar.hu\/wordpress\/index.php?rest_route=\/wp\/v2\/pages\/626","targetHints":{"allow":["GET"]}}],"collection":[{"href":"https:\/\/www.andicsalpar.hu\/wordpress\/index.php?rest_route=\/wp\/v2\/pages"}],"about":[{"href":"https:\/\/www.andicsalpar.hu\/wordpress\/index.php?rest_route=\/wp\/v2\/types\/page"}],"author":[{"embeddable":true,"href":"https:\/\/www.andicsalpar.hu\/wordpress\/index.php?rest_route=\/wp\/v2\/users\/2"}],"replies":[{"embeddable":true,"href":"https:\/\/www.andicsalpar.hu\/wordpress\/index.php?rest_route=%2Fwp%2Fv2%2Fcomments&post=626"}],"version-history":[{"count":1,"href":"https:\/\/www.andicsalpar.hu\/wordpress\/index.php?rest_route=\/wp\/v2\/pages\/626\/revisions"}],"predecessor-version":[{"id":627,"href":"https:\/\/www.andicsalpar.hu\/wordpress\/index.php?rest_route=\/wp\/v2\/pages\/626\/revisions\/627"}],"up":[{"embeddable":true,"href":"https:\/\/www.andicsalpar.hu\/wordpress\/index.php?rest_route=\/wp\/v2\/pages\/907"}],"wp:attachment":[{"href":"https:\/\/www.andicsalpar.hu\/wordpress\/index.php?rest_route=%2Fwp%2Fv2%2Fmedia&parent=626"}],"curies":[{"name":"wp","href":"https:\/\/api.w.org\/{rel}","templated":true}]}}