{"id":5551,"date":"2023-02-13T16:18:24","date_gmt":"2023-02-13T15:18:24","guid":{"rendered":"http:\/\/www.andicsalpar.hu\/wordpress\/?page_id=5551"},"modified":"2023-02-13T16:18:24","modified_gmt":"2023-02-13T15:18:24","slug":"peldatar-viii-egy-csesze-kaveval","status":"publish","type":"page","link":"https:\/\/www.andicsalpar.hu\/wordpress\/?page_id=5551","title":{"rendered":"P\u00e9ldat\u00e1r VIII. Egy cs\u00e9sze k\u00e1v\u00e9val"},"content":{"rendered":"<p><a href=\"http:\/\/www.andicsalpar.hu\/wordpress\/wp-content\/uploads\/2023\/02\/1.-Egy-csesze-kaveval-scaled.jpg\"><img loading=\"lazy\" decoding=\"async\" src=\"http:\/\/www.andicsalpar.hu\/wordpress\/wp-content\/uploads\/2023\/02\/1.-Egy-csesze-kaveval-scaled.jpg\" alt=\"\" width=\"2560\" height=\"1810\" class=\"alignnone size-full wp-image-5552\" srcset=\"https:\/\/www.andicsalpar.hu\/wordpress\/wp-content\/uploads\/2023\/02\/1.-Egy-csesze-kaveval-scaled.jpg 2560w, https:\/\/www.andicsalpar.hu\/wordpress\/wp-content\/uploads\/2023\/02\/1.-Egy-csesze-kaveval-300x212.jpg 300w, https:\/\/www.andicsalpar.hu\/wordpress\/wp-content\/uploads\/2023\/02\/1.-Egy-csesze-kaveval-1024x724.jpg 1024w, https:\/\/www.andicsalpar.hu\/wordpress\/wp-content\/uploads\/2023\/02\/1.-Egy-csesze-kaveval-768x543.jpg 768w, https:\/\/www.andicsalpar.hu\/wordpress\/wp-content\/uploads\/2023\/02\/1.-Egy-csesze-kaveval-1536x1086.jpg 1536w, https:\/\/www.andicsalpar.hu\/wordpress\/wp-content\/uploads\/2023\/02\/1.-Egy-csesze-kaveval-2048x1448.jpg 2048w, https:\/\/www.andicsalpar.hu\/wordpress\/wp-content\/uploads\/2023\/02\/1.-Egy-csesze-kaveval-1440x1018.jpg 1440w\" sizes=\"auto, (max-width: 2560px) 100vw, 2560px\" \/><\/a><\/p>\n<p><a href=\"http:\/\/www.andicsalpar.hu\/wordpress\/wp-content\/uploads\/2023\/02\/2.-Egy-csesze-kaveval-scaled.jpg\"><img loading=\"lazy\" decoding=\"async\" src=\"http:\/\/www.andicsalpar.hu\/wordpress\/wp-content\/uploads\/2023\/02\/2.-Egy-csesze-kaveval-scaled.jpg\" alt=\"\" width=\"2560\" height=\"1810\" class=\"alignnone size-full wp-image-5553\" srcset=\"https:\/\/www.andicsalpar.hu\/wordpress\/wp-content\/uploads\/2023\/02\/2.-Egy-csesze-kaveval-scaled.jpg 2560w, https:\/\/www.andicsalpar.hu\/wordpress\/wp-content\/uploads\/2023\/02\/2.-Egy-csesze-kaveval-300x212.jpg 300w, https:\/\/www.andicsalpar.hu\/wordpress\/wp-content\/uploads\/2023\/02\/2.-Egy-csesze-kaveval-1024x724.jpg 1024w, https:\/\/www.andicsalpar.hu\/wordpress\/wp-content\/uploads\/2023\/02\/2.-Egy-csesze-kaveval-768x543.jpg 768w, https:\/\/www.andicsalpar.hu\/wordpress\/wp-content\/uploads\/2023\/02\/2.-Egy-csesze-kaveval-1536x1086.jpg 1536w, https:\/\/www.andicsalpar.hu\/wordpress\/wp-content\/uploads\/2023\/02\/2.-Egy-csesze-kaveval-2048x1448.jpg 2048w, https:\/\/www.andicsalpar.hu\/wordpress\/wp-content\/uploads\/2023\/02\/2.-Egy-csesze-kaveval-1440x1018.jpg 1440w\" sizes=\"auto, (max-width: 2560px) 100vw, 2560px\" \/><\/a><\/p>\n<p><a href=\"http:\/\/www.andicsalpar.hu\/wordpress\/wp-content\/uploads\/2023\/02\/3.-Egy-csesze-kaveval-23-scaled.jpg\"><img loading=\"lazy\" decoding=\"async\" src=\"http:\/\/www.andicsalpar.hu\/wordpress\/wp-content\/uploads\/2023\/02\/3.-Egy-csesze-kaveval-23-scaled.jpg\" alt=\"\" width=\"2560\" height=\"1810\" class=\"alignnone size-full wp-image-5554\" srcset=\"https:\/\/www.andicsalpar.hu\/wordpress\/wp-content\/uploads\/2023\/02\/3.-Egy-csesze-kaveval-23-scaled.jpg 2560w, https:\/\/www.andicsalpar.hu\/wordpress\/wp-content\/uploads\/2023\/02\/3.-Egy-csesze-kaveval-23-300x212.jpg 300w, https:\/\/www.andicsalpar.hu\/wordpress\/wp-content\/uploads\/2023\/02\/3.-Egy-csesze-kaveval-23-1024x724.jpg 1024w, https:\/\/www.andicsalpar.hu\/wordpress\/wp-content\/uploads\/2023\/02\/3.-Egy-csesze-kaveval-23-768x543.jpg 768w, https:\/\/www.andicsalpar.hu\/wordpress\/wp-content\/uploads\/2023\/02\/3.-Egy-csesze-kaveval-23-1536x1086.jpg 1536w, https:\/\/www.andicsalpar.hu\/wordpress\/wp-content\/uploads\/2023\/02\/3.-Egy-csesze-kaveval-23-2048x1448.jpg 2048w, https:\/\/www.andicsalpar.hu\/wordpress\/wp-content\/uploads\/2023\/02\/3.-Egy-csesze-kaveval-23-1440x1018.jpg 1440w\" sizes=\"auto, (max-width: 2560px) 100vw, 2560px\" \/><\/a><\/p>\n<p><a href=\"http:\/\/www.andicsalpar.hu\/wordpress\/wp-content\/uploads\/2023\/02\/4.-Egy-csesze-kaveval-23-scaled.jpg\"><img loading=\"lazy\" decoding=\"async\" src=\"http:\/\/www.andicsalpar.hu\/wordpress\/wp-content\/uploads\/2023\/02\/4.-Egy-csesze-kaveval-23-scaled.jpg\" alt=\"\" width=\"2560\" height=\"1810\" class=\"alignnone size-full wp-image-5555\" srcset=\"https:\/\/www.andicsalpar.hu\/wordpress\/wp-content\/uploads\/2023\/02\/4.-Egy-csesze-kaveval-23-scaled.jpg 2560w, https:\/\/www.andicsalpar.hu\/wordpress\/wp-content\/uploads\/2023\/02\/4.-Egy-csesze-kaveval-23-300x212.jpg 300w, https:\/\/www.andicsalpar.hu\/wordpress\/wp-content\/uploads\/2023\/02\/4.-Egy-csesze-kaveval-23-1024x724.jpg 1024w, https:\/\/www.andicsalpar.hu\/wordpress\/wp-content\/uploads\/2023\/02\/4.-Egy-csesze-kaveval-23-768x543.jpg 768w, https:\/\/www.andicsalpar.hu\/wordpress\/wp-content\/uploads\/2023\/02\/4.-Egy-csesze-kaveval-23-1536x1086.jpg 1536w, https:\/\/www.andicsalpar.hu\/wordpress\/wp-content\/uploads\/2023\/02\/4.-Egy-csesze-kaveval-23-2048x1448.jpg 2048w, https:\/\/www.andicsalpar.hu\/wordpress\/wp-content\/uploads\/2023\/02\/4.-Egy-csesze-kaveval-23-1440x1018.jpg 1440w\" sizes=\"auto, (max-width: 2560px) 100vw, 2560px\" \/><\/a><\/p>\n<p><a href=\"http:\/\/www.andicsalpar.hu\/wordpress\/wp-content\/uploads\/2023\/02\/5.-Egy-csesze-kaveval-23-scaled.jpg\"><img loading=\"lazy\" decoding=\"async\" src=\"http:\/\/www.andicsalpar.hu\/wordpress\/wp-content\/uploads\/2023\/02\/5.-Egy-csesze-kaveval-23-scaled.jpg\" alt=\"\" width=\"2560\" height=\"1810\" class=\"alignnone size-full wp-image-5556\" srcset=\"https:\/\/www.andicsalpar.hu\/wordpress\/wp-content\/uploads\/2023\/02\/5.-Egy-csesze-kaveval-23-scaled.jpg 2560w, https:\/\/www.andicsalpar.hu\/wordpress\/wp-content\/uploads\/2023\/02\/5.-Egy-csesze-kaveval-23-300x212.jpg 300w, https:\/\/www.andicsalpar.hu\/wordpress\/wp-content\/uploads\/2023\/02\/5.-Egy-csesze-kaveval-23-1024x724.jpg 1024w, https:\/\/www.andicsalpar.hu\/wordpress\/wp-content\/uploads\/2023\/02\/5.-Egy-csesze-kaveval-23-768x543.jpg 768w, https:\/\/www.andicsalpar.hu\/wordpress\/wp-content\/uploads\/2023\/02\/5.-Egy-csesze-kaveval-23-1536x1086.jpg 1536w, https:\/\/www.andicsalpar.hu\/wordpress\/wp-content\/uploads\/2023\/02\/5.-Egy-csesze-kaveval-23-2048x1448.jpg 2048w, https:\/\/www.andicsalpar.hu\/wordpress\/wp-content\/uploads\/2023\/02\/5.-Egy-csesze-kaveval-23-1440x1018.jpg 1440w\" sizes=\"auto, (max-width: 2560px) 100vw, 2560px\" \/><\/a><\/p>\n<p><a href=\"http:\/\/www.andicsalpar.hu\/wordpress\/wp-content\/uploads\/2023\/02\/6.-Egy-csesze-kaveval-23-scaled.jpg\"><img loading=\"lazy\" decoding=\"async\" src=\"http:\/\/www.andicsalpar.hu\/wordpress\/wp-content\/uploads\/2023\/02\/6.-Egy-csesze-kaveval-23-scaled.jpg\" alt=\"\" width=\"2560\" height=\"1810\" class=\"alignnone size-full wp-image-5557\" srcset=\"https:\/\/www.andicsalpar.hu\/wordpress\/wp-content\/uploads\/2023\/02\/6.-Egy-csesze-kaveval-23-scaled.jpg 2560w, https:\/\/www.andicsalpar.hu\/wordpress\/wp-content\/uploads\/2023\/02\/6.-Egy-csesze-kaveval-23-300x212.jpg 300w, https:\/\/www.andicsalpar.hu\/wordpress\/wp-content\/uploads\/2023\/02\/6.-Egy-csesze-kaveval-23-1024x724.jpg 1024w, https:\/\/www.andicsalpar.hu\/wordpress\/wp-content\/uploads\/2023\/02\/6.-Egy-csesze-kaveval-23-768x543.jpg 768w, https:\/\/www.andicsalpar.hu\/wordpress\/wp-content\/uploads\/2023\/02\/6.-Egy-csesze-kaveval-23-1536x1086.jpg 1536w, https:\/\/www.andicsalpar.hu\/wordpress\/wp-content\/uploads\/2023\/02\/6.-Egy-csesze-kaveval-23-2048x1448.jpg 2048w, https:\/\/www.andicsalpar.hu\/wordpress\/wp-content\/uploads\/2023\/02\/6.-Egy-csesze-kaveval-23-1440x1018.jpg 1440w\" sizes=\"auto, (max-width: 2560px) 100vw, 2560px\" \/><\/a><\/p>\n<p><a href=\"http:\/\/www.andicsalpar.hu\/wordpress\/wp-content\/uploads\/2023\/02\/7.-Egy-csesze-kaveval-34-scaled.jpg\"><img loading=\"lazy\" decoding=\"async\" src=\"http:\/\/www.andicsalpar.hu\/wordpress\/wp-content\/uploads\/2023\/02\/7.-Egy-csesze-kaveval-34-scaled.jpg\" alt=\"\" width=\"2560\" height=\"1810\" class=\"alignnone size-full wp-image-5558\" srcset=\"https:\/\/www.andicsalpar.hu\/wordpress\/wp-content\/uploads\/2023\/02\/7.-Egy-csesze-kaveval-34-scaled.jpg 2560w, https:\/\/www.andicsalpar.hu\/wordpress\/wp-content\/uploads\/2023\/02\/7.-Egy-csesze-kaveval-34-300x212.jpg 300w, https:\/\/www.andicsalpar.hu\/wordpress\/wp-content\/uploads\/2023\/02\/7.-Egy-csesze-kaveval-34-1024x724.jpg 1024w, https:\/\/www.andicsalpar.hu\/wordpress\/wp-content\/uploads\/2023\/02\/7.-Egy-csesze-kaveval-34-768x543.jpg 768w, https:\/\/www.andicsalpar.hu\/wordpress\/wp-content\/uploads\/2023\/02\/7.-Egy-csesze-kaveval-34-1536x1086.jpg 1536w, https:\/\/www.andicsalpar.hu\/wordpress\/wp-content\/uploads\/2023\/02\/7.-Egy-csesze-kaveval-34-2048x1448.jpg 2048w, https:\/\/www.andicsalpar.hu\/wordpress\/wp-content\/uploads\/2023\/02\/7.-Egy-csesze-kaveval-34-1440x1018.jpg 1440w\" sizes=\"auto, (max-width: 2560px) 100vw, 2560px\" \/><\/a><\/p>\n<p><a href=\"http:\/\/www.andicsalpar.hu\/wordpress\/wp-content\/uploads\/2023\/02\/8.-Egy-csesze-kaveval-45-scaled.jpg\"><img loading=\"lazy\" decoding=\"async\" src=\"http:\/\/www.andicsalpar.hu\/wordpress\/wp-content\/uploads\/2023\/02\/8.-Egy-csesze-kaveval-45-scaled.jpg\" alt=\"\" width=\"2560\" height=\"1810\" class=\"alignnone size-full wp-image-5559\" srcset=\"https:\/\/www.andicsalpar.hu\/wordpress\/wp-content\/uploads\/2023\/02\/8.-Egy-csesze-kaveval-45-scaled.jpg 2560w, https:\/\/www.andicsalpar.hu\/wordpress\/wp-content\/uploads\/2023\/02\/8.-Egy-csesze-kaveval-45-300x212.jpg 300w, https:\/\/www.andicsalpar.hu\/wordpress\/wp-content\/uploads\/2023\/02\/8.-Egy-csesze-kaveval-45-1024x724.jpg 1024w, https:\/\/www.andicsalpar.hu\/wordpress\/wp-content\/uploads\/2023\/02\/8.-Egy-csesze-kaveval-45-768x543.jpg 768w, https:\/\/www.andicsalpar.hu\/wordpress\/wp-content\/uploads\/2023\/02\/8.-Egy-csesze-kaveval-45-1536x1086.jpg 1536w, https:\/\/www.andicsalpar.hu\/wordpress\/wp-content\/uploads\/2023\/02\/8.-Egy-csesze-kaveval-45-2048x1448.jpg 2048w, https:\/\/www.andicsalpar.hu\/wordpress\/wp-content\/uploads\/2023\/02\/8.-Egy-csesze-kaveval-45-1440x1018.jpg 1440w\" sizes=\"auto, (max-width: 2560px) 100vw, 2560px\" \/><\/a><\/p>\n<p><a href=\"http:\/\/www.andicsalpar.hu\/wordpress\/wp-content\/uploads\/2023\/02\/9.-Egy-csesze-kaveval-45-scaled.jpg\"><img loading=\"lazy\" decoding=\"async\" src=\"http:\/\/www.andicsalpar.hu\/wordpress\/wp-content\/uploads\/2023\/02\/9.-Egy-csesze-kaveval-45-scaled.jpg\" alt=\"\" width=\"2560\" height=\"1810\" class=\"alignnone size-full wp-image-5560\" srcset=\"https:\/\/www.andicsalpar.hu\/wordpress\/wp-content\/uploads\/2023\/02\/9.-Egy-csesze-kaveval-45-scaled.jpg 2560w, https:\/\/www.andicsalpar.hu\/wordpress\/wp-content\/uploads\/2023\/02\/9.-Egy-csesze-kaveval-45-300x212.jpg 300w, https:\/\/www.andicsalpar.hu\/wordpress\/wp-content\/uploads\/2023\/02\/9.-Egy-csesze-kaveval-45-1024x724.jpg 1024w, https:\/\/www.andicsalpar.hu\/wordpress\/wp-content\/uploads\/2023\/02\/9.-Egy-csesze-kaveval-45-768x543.jpg 768w, https:\/\/www.andicsalpar.hu\/wordpress\/wp-content\/uploads\/2023\/02\/9.-Egy-csesze-kaveval-45-1536x1086.jpg 1536w, https:\/\/www.andicsalpar.hu\/wordpress\/wp-content\/uploads\/2023\/02\/9.-Egy-csesze-kaveval-45-2048x1448.jpg 2048w, https:\/\/www.andicsalpar.hu\/wordpress\/wp-content\/uploads\/2023\/02\/9.-Egy-csesze-kaveval-45-1440x1018.jpg 1440w\" sizes=\"auto, (max-width: 2560px) 100vw, 2560px\" \/><\/a><\/p>\n","protected":false},"excerpt":{"rendered":"","protected":false},"author":1,"featured_media":0,"parent":4577,"menu_order":0,"comment_status":"closed","ping_status":"closed","template":"","meta":{"footnotes":""},"class_list":["post-5551","page","type-page","status-publish","hentry"],"_links":{"self":[{"href":"https:\/\/www.andicsalpar.hu\/wordpress\/index.php?rest_route=\/wp\/v2\/pages\/5551","targetHints":{"allow":["GET"]}}],"collection":[{"href":"https:\/\/www.andicsalpar.hu\/wordpress\/index.php?rest_route=\/wp\/v2\/pages"}],"about":[{"href":"https:\/\/www.andicsalpar.hu\/wordpress\/index.php?rest_route=\/wp\/v2\/types\/page"}],"author":[{"embeddable":true,"href":"https:\/\/www.andicsalpar.hu\/wordpress\/index.php?rest_route=\/wp\/v2\/users\/1"}],"replies":[{"embeddable":true,"href":"https:\/\/www.andicsalpar.hu\/wordpress\/index.php?rest_route=%2Fwp%2Fv2%2Fcomments&post=5551"}],"version-history":[{"count":1,"href":"https:\/\/www.andicsalpar.hu\/wordpress\/index.php?rest_route=\/wp\/v2\/pages\/5551\/revisions"}],"predecessor-version":[{"id":5561,"href":"https:\/\/www.andicsalpar.hu\/wordpress\/index.php?rest_route=\/wp\/v2\/pages\/5551\/revisions\/5561"}],"up":[{"embeddable":true,"href":"https:\/\/www.andicsalpar.hu\/wordpress\/index.php?rest_route=\/wp\/v2\/pages\/4577"}],"wp:attachment":[{"href":"https:\/\/www.andicsalpar.hu\/wordpress\/index.php?rest_route=%2Fwp%2Fv2%2Fmedia&parent=5551"}],"curies":[{"name":"wp","href":"https:\/\/api.w.org\/{rel}","templated":true}]}}