{"id":4330,"date":"2021-04-11T09:24:48","date_gmt":"2021-04-11T07:24:48","guid":{"rendered":"http:\/\/www.andicsalpar.hu\/wordpress\/?page_id=4330"},"modified":"2021-04-11T09:34:54","modified_gmt":"2021-04-11T07:34:54","slug":"versek-szellem-lelek-es-test","status":"publish","type":"page","link":"https:\/\/www.andicsalpar.hu\/wordpress\/?page_id=4330","title":{"rendered":"Versek (szellem, l\u00e9lek \u00e9s test)"},"content":{"rendered":"\n<p class=\"has-text-align-center\" style=\"font-size:24px\"><strong>\u00c9rzelmek \u00e9s gondolatok<br>\u201cSUHANJ VELEM\u201d f\u00fczetek<\/strong><\/p>\n\n\n\n<ul id=\"menu-versek-szellem-lelek-es-test\" class=\"menu\"><li id=\"menu-item-4346\" class=\"menu-item menu-item-type-post_type menu-item-object-page menu-item-4346\"><a href=\"https:\/\/www.andicsalpar.hu\/wordpress\/?page_id=4344\">1. \u0150si hittel<\/a><\/li>\n<li id=\"menu-item-4372\" class=\"menu-item menu-item-type-post_type menu-item-object-page menu-item-4372\"><a href=\"https:\/\/www.andicsalpar.hu\/wordpress\/?page_id=4359\">2. Meg\u00fajhod\u00e1s<\/a><\/li>\n<li id=\"menu-item-4390\" class=\"menu-item menu-item-type-post_type menu-item-object-page menu-item-4390\"><a href=\"https:\/\/www.andicsalpar.hu\/wordpress\/?page_id=4375\">3. \u00daj tudattal<\/a><\/li>\n<li id=\"menu-item-4416\" class=\"menu-item menu-item-type-post_type menu-item-object-page menu-item-4416\"><a href=\"https:\/\/www.andicsalpar.hu\/wordpress\/?page_id=4393\">4. S\u00e1m\u00e1ndobon<\/a><\/li>\n<li id=\"menu-item-4450\" class=\"menu-item menu-item-type-post_type menu-item-object-page menu-item-4450\"><a href=\"https:\/\/www.andicsalpar.hu\/wordpress\/?page_id=4417\">5. Es\u0151 szit\u00e1l<\/a><\/li>\n<li id=\"menu-item-4479\" class=\"menu-item menu-item-type-post_type menu-item-object-page menu-item-4479\"><a href=\"https:\/\/www.andicsalpar.hu\/wordpress\/?page_id=4451\">6. N\u00e9zz magadba (n\u00e9gysorosok)<\/a><\/li>\n<li id=\"menu-item-4497\" class=\"menu-item menu-item-type-post_type menu-item-object-page menu-item-4497\"><a href=\"https:\/\/www.andicsalpar.hu\/wordpress\/?page_id=4481\">7. Szellem, l\u00e9lek \u00e9s test (n\u00e9gysorosok)<\/a><\/li>\n<li id=\"menu-item-4514\" class=\"menu-item menu-item-type-post_type menu-item-object-page menu-item-4514\"><a href=\"https:\/\/www.andicsalpar.hu\/wordpress\/?page_id=4499\">8. Kim\u00e9rt szavak (n\u00e9gysorosok)<\/a><\/li>\n<li id=\"menu-item-4529\" class=\"menu-item menu-item-type-post_type menu-item-object-page menu-item-4529\"><a href=\"https:\/\/www.andicsalpar.hu\/wordpress\/?page_id=4516\">9. Sz\u00e1z arany\u00e9rt (n\u00e9gysorosok)<\/a><\/li>\n<li id=\"menu-item-4541\" class=\"menu-item menu-item-type-post_type menu-item-object-page menu-item-4541\"><a href=\"https:\/\/www.andicsalpar.hu\/wordpress\/?page_id=4531\">10. R\u00e9ten (n\u00e9gysorosok)<\/a><\/li>\n<li id=\"menu-item-4559\" class=\"menu-item menu-item-type-post_type menu-item-object-page menu-item-4559\"><a href=\"https:\/\/www.andicsalpar.hu\/wordpress\/?page_id=4543\">11. Neked mondom<\/a><\/li>\n<li id=\"menu-item-4574\" class=\"menu-item menu-item-type-post_type menu-item-object-page menu-item-4574\"><a href=\"https:\/\/www.andicsalpar.hu\/wordpress\/?page_id=4561\">12. \u00cdrd fel\u00fcl<\/a><\/li>\n<li id=\"menu-item-5053\" class=\"menu-item menu-item-type-post_type menu-item-object-page menu-item-5053\"><a href=\"https:\/\/www.andicsalpar.hu\/wordpress\/?page_id=5042\">13. Besz\u00e9lj\u00fck meg<\/a><\/li>\n<li id=\"menu-item-5052\" class=\"menu-item menu-item-type-post_type menu-item-object-page menu-item-5052\"><a href=\"https:\/\/www.andicsalpar.hu\/wordpress\/?page_id=5044\">14. L\u00e9pj feljebb<\/a><\/li>\n<li id=\"menu-item-5051\" class=\"menu-item menu-item-type-post_type menu-item-object-page menu-item-5051\"><a href=\"https:\/\/www.andicsalpar.hu\/wordpress\/?page_id=5046\">15. Hited \u00e1ltal<\/a><\/li>\n<li id=\"menu-item-5050\" class=\"menu-item menu-item-type-post_type menu-item-object-page menu-item-5050\"><a href=\"https:\/\/www.andicsalpar.hu\/wordpress\/?page_id=5048\">16. Kell a kereszt<\/a><\/li>\n<li id=\"menu-item-5381\" class=\"menu-item menu-item-type-post_type menu-item-object-page menu-item-5381\"><a href=\"https:\/\/www.andicsalpar.hu\/wordpress\/?page_id=5363\">17. \u00c1ld\u00e1st terem<\/a><\/li>\n<li id=\"menu-item-5394\" class=\"menu-item menu-item-type-post_type menu-item-object-page menu-item-5394\"><a href=\"https:\/\/www.andicsalpar.hu\/wordpress\/?page_id=5382\">18. Sebet \u00fct\u00f6tt<\/a><\/li>\n<li id=\"menu-item-5405\" class=\"menu-item menu-item-type-post_type menu-item-object-page menu-item-5405\"><a href=\"https:\/\/www.andicsalpar.hu\/wordpress\/?page_id=5395\">19. Gondolkod\u00f3knak<\/a><\/li>\n<li id=\"menu-item-5413\" class=\"menu-item menu-item-type-post_type menu-item-object-page menu-item-5413\"><a href=\"https:\/\/www.andicsalpar.hu\/wordpress\/?page_id=5406\">20. L\u00e1ssunk tiszt\u00e1n<\/a><\/li>\n<li id=\"menu-item-5467\" class=\"menu-item menu-item-type-post_type menu-item-object-page menu-item-5467\"><a href=\"https:\/\/www.andicsalpar.hu\/wordpress\/?page_id=5414\">21. \u00c9bredni \u00e9s k\u00f6zeledni<\/a><\/li>\n<li id=\"menu-item-5468\" class=\"menu-item menu-item-type-post_type menu-item-object-page menu-item-5468\"><a href=\"https:\/\/www.andicsalpar.hu\/wordpress\/?page_id=5420\">22. Van \u00fagy<\/a><\/li>\n<li id=\"menu-item-5469\" class=\"menu-item menu-item-type-post_type menu-item-object-page menu-item-5469\"><a href=\"https:\/\/www.andicsalpar.hu\/wordpress\/?page_id=5427\">23. Gondolatok<\/a><\/li>\n<li id=\"menu-item-5470\" class=\"menu-item menu-item-type-post_type menu-item-object-page menu-item-5470\"><a href=\"https:\/\/www.andicsalpar.hu\/wordpress\/?page_id=5436\">24. B\u00edzd r\u00e1 magad<\/a><\/li>\n<li id=\"menu-item-5471\" class=\"menu-item menu-item-type-post_type menu-item-object-page menu-item-5471\"><a href=\"https:\/\/www.andicsalpar.hu\/wordpress\/?page_id=5444\">25. Dolgaink<\/a><\/li>\n<li id=\"menu-item-5472\" class=\"menu-item menu-item-type-post_type menu-item-object-page menu-item-5472\"><a href=\"https:\/\/www.andicsalpar.hu\/wordpress\/?page_id=5451\">26. Hozz\u00e1 vezet<\/a><\/li>\n<li id=\"menu-item-5473\" class=\"menu-item menu-item-type-post_type menu-item-object-page menu-item-5473\"><a href=\"https:\/\/www.andicsalpar.hu\/wordpress\/?page_id=5459\">27. Nem mond\u00f3ka<\/a><\/li>\n<\/ul>\n","protected":false},"excerpt":{"rendered":"<p>\u00c9rzelmek \u00e9s gondolatok\u201cSUHANJ VELEM\u201d f\u00fczetek<\/p>\n","protected":false},"author":1,"featured_media":0,"parent":0,"menu_order":0,"comment_status":"closed","ping_status":"closed","template":"","meta":{"footnotes":""},"class_list":["post-4330","page","type-page","status-publish","hentry"],"_links":{"self":[{"href":"https:\/\/www.andicsalpar.hu\/wordpress\/index.php?rest_route=\/wp\/v2\/pages\/4330","targetHints":{"allow":["GET"]}}],"collection":[{"href":"https:\/\/www.andicsalpar.hu\/wordpress\/index.php?rest_route=\/wp\/v2\/pages"}],"about":[{"href":"https:\/\/www.andicsalpar.hu\/wordpress\/index.php?rest_route=\/wp\/v2\/types\/page"}],"author":[{"embeddable":true,"href":"https:\/\/www.andicsalpar.hu\/wordpress\/index.php?rest_route=\/wp\/v2\/users\/1"}],"replies":[{"embeddable":true,"href":"https:\/\/www.andicsalpar.hu\/wordpress\/index.php?rest_route=%2Fwp%2Fv2%2Fcomments&post=4330"}],"version-history":[{"count":9,"href":"https:\/\/www.andicsalpar.hu\/wordpress\/index.php?rest_route=\/wp\/v2\/pages\/4330\/revisions"}],"predecessor-version":[{"id":4343,"href":"https:\/\/www.andicsalpar.hu\/wordpress\/index.php?rest_route=\/wp\/v2\/pages\/4330\/revisions\/4343"}],"wp:attachment":[{"href":"https:\/\/www.andicsalpar.hu\/wordpress\/index.php?rest_route=%2Fwp%2Fv2%2Fmedia&parent=4330"}],"curies":[{"name":"wp","href":"https:\/\/api.w.org\/{rel}","templated":true}]}}