{"id":1858,"date":"2020-03-29T12:21:54","date_gmt":"2020-03-29T10:21:54","guid":{"rendered":"http:\/\/www.andicsalpar.hu\/wordpress\/?page_id=1858"},"modified":"2020-05-06T11:14:22","modified_gmt":"2020-05-06T09:14:22","slug":"2005-10-29-herczku_arany_es_kek","status":"publish","type":"page","link":"https:\/\/www.andicsalpar.hu\/wordpress\/?page_id=1858","title":{"rendered":"Arany \u00e9s k\u00e9k szavakkal &#8211; Herczku \u00c1gnes lemezbemutat\u00f3 koncertje &#8211; 2005"},"content":{"rendered":"<div style=\"width: 355px;\" class=\"wp-video\"><video class=\"wp-video-shortcode\" id=\"video-1858-1\" width=\"355\" height=\"200\" preload=\"metadata\" controls=\"controls\"><source type=\"video\/mp4\" src=\"http:\/\/www.andicsalpar.hu\/video\/2005.10.29.herczku_arany_es_kek.mp4?_=1\" \/><a href=\"http:\/\/www.andicsalpar.hu\/video\/2005.10.29.herczku_arany_es_kek.mp4\">http:\/\/www.andicsalpar.hu\/video\/2005.10.29.herczku_arany_es_kek.mp4<\/a><\/video><\/div>\n\n\n<p>Fon\u00f3 Budai Zeneh\u00e1z, 2005.10.29.<\/p>\n\n\n\n<p><strong>Arany \u00e9s k\u00e9k szavakkal<\/strong><\/p>\n\n\n\n<p><strong>Herczku \u00c1gnes lemezbemutat\u00f3 koncertje<\/strong><\/p>\n\n\n\n<p>K\u00f6zrem\u0171k\u00f6dnek:<\/p>\n\n\n\n<ol class=\"wp-block-list\"><li>P\u00e1l Istv\u00e1n &#8211; heged\u0171<\/li><li>Gombai Tam\u00e1s &#8211; heged\u0171<\/li><li>Karacs Gyula &#8211; br\u00e1csa<\/li><li>Do\u00f3r R\u00f3bert &#8211; nagyb\u0151g\u0151<\/li><li>Unger Bal\u00e1zs &#8211; cimbalom<\/li><li>Ag\u00f3cs Gergely furulya<\/li><\/ol>\n\n\n\n<p>Verset mond: Papp J\u00e1nos<\/p>\n","protected":false},"excerpt":{"rendered":"<p>Fon\u00f3 Budai Zeneh\u00e1z, 2005.10.29. Arany \u00e9s k\u00e9k szavakkal Herczku \u00c1gnes lemezbemutat\u00f3 koncertje K\u00f6zrem\u0171k\u00f6dnek: P\u00e1l Istv\u00e1n &#8211; heged\u0171 Gombai Tam\u00e1s &#8211; heged\u0171 Karacs Gyula &#8211; br\u00e1csa Do\u00f3r R\u00f3bert &#8211; nagyb\u0151g\u0151 Unger Bal\u00e1zs &#8211; cimbalom Ag\u00f3cs Gergely furulya Verset mond: Papp J\u00e1nos<\/p>\n","protected":false},"author":1,"featured_media":0,"parent":1616,"menu_order":26,"comment_status":"closed","ping_status":"closed","template":"","meta":{"footnotes":""},"class_list":["post-1858","page","type-page","status-publish","hentry"],"_links":{"self":[{"href":"https:\/\/www.andicsalpar.hu\/wordpress\/index.php?rest_route=\/wp\/v2\/pages\/1858","targetHints":{"allow":["GET"]}}],"collection":[{"href":"https:\/\/www.andicsalpar.hu\/wordpress\/index.php?rest_route=\/wp\/v2\/pages"}],"about":[{"href":"https:\/\/www.andicsalpar.hu\/wordpress\/index.php?rest_route=\/wp\/v2\/types\/page"}],"author":[{"embeddable":true,"href":"https:\/\/www.andicsalpar.hu\/wordpress\/index.php?rest_route=\/wp\/v2\/users\/1"}],"replies":[{"embeddable":true,"href":"https:\/\/www.andicsalpar.hu\/wordpress\/index.php?rest_route=%2Fwp%2Fv2%2Fcomments&post=1858"}],"version-history":[{"count":8,"href":"https:\/\/www.andicsalpar.hu\/wordpress\/index.php?rest_route=\/wp\/v2\/pages\/1858\/revisions"}],"predecessor-version":[{"id":3349,"href":"https:\/\/www.andicsalpar.hu\/wordpress\/index.php?rest_route=\/wp\/v2\/pages\/1858\/revisions\/3349"}],"up":[{"embeddable":true,"href":"https:\/\/www.andicsalpar.hu\/wordpress\/index.php?rest_route=\/wp\/v2\/pages\/1616"}],"wp:attachment":[{"href":"https:\/\/www.andicsalpar.hu\/wordpress\/index.php?rest_route=%2Fwp%2Fv2%2Fmedia&parent=1858"}],"curies":[{"name":"wp","href":"https:\/\/api.w.org\/{rel}","templated":true}]}}