{"id":1422,"date":"2020-03-13T20:57:34","date_gmt":"2020-03-13T19:57:34","guid":{"rendered":"http:\/\/www.andicsalpar.hu\/wordpress\/?page_id=1422"},"modified":"2020-04-13T13:16:49","modified_gmt":"2020-04-13T11:16:49","slug":"tiz-eves-a-fono","status":"publish","type":"page","link":"https:\/\/www.andicsalpar.hu\/wordpress\/?page_id=1422","title":{"rendered":"T\u00edz \u00e9ves a Fon\u00f3 &#8211; V\u00e1logat\u00e1s a sz\u00fclet\u00e9snapi m\u0171sorb\u00f3l &#8211; 2005"},"content":{"rendered":"<div style=\"width: 355px;\" class=\"wp-video\"><video class=\"wp-video-shortcode\" id=\"video-1422-1\" width=\"355\" height=\"200\" preload=\"metadata\" controls=\"controls\"><source type=\"video\/mp4\" src=\"http:\/\/www.andicsalpar.hu\/video\/2005.10.01_tiz_eves_a_fono.mp4?_=1\" \/><a href=\"http:\/\/www.andicsalpar.hu\/video\/2005.10.01_tiz_eves_a_fono.mp4\">http:\/\/www.andicsalpar.hu\/video\/2005.10.01_tiz_eves_a_fono.mp4<\/a><\/video><\/div>\n<p>Fon\u00f3 Budai Zeneh\u00e1z, 2005.10.01.<\/p>\n<p><strong>T\u00edz \u00e9ves a Fon\u00f3<\/strong><\/p>\n<p><strong>V\u00e1logat\u00e1s a sz\u00fclet\u00e9snapi m\u0171sorb\u00f3l<\/strong><\/p>\n<ol>\n<li>Fon\u00f3 zenekar<\/li>\n<li>S\u00f6nd\u00f6rg\u0151 egy\u00fcttes<\/li>\n<li>Szal\u00f3ki \u00c1gi Quintet<\/li>\n<li>Vujisics egy\u00fcttes<\/li>\n<li>Balogh K\u00e1lm\u00e1n \u00e9s a Gipsy Cimbalom Band<\/li>\n<li>Mak\u00e1m egy\u00fcttes<\/li>\n<\/ol>\n<p>Igazgat\u00f3: <strong>Holl\u00f3k\u0151i Lajos<\/strong><\/p>\n","protected":false},"excerpt":{"rendered":"<p>Fon\u00f3 Budai Zeneh\u00e1z, 2005.10.01. T\u00edz \u00e9ves a Fon\u00f3 V\u00e1logat\u00e1s a sz\u00fclet\u00e9snapi m\u0171sorb\u00f3l Fon\u00f3 zenekar S\u00f6nd\u00f6rg\u0151 egy\u00fcttes Szal\u00f3ki \u00c1gi Quintet Vujisics egy\u00fcttes Balogh K\u00e1lm\u00e1n \u00e9s a Gipsy Cimbalom Band Mak\u00e1m egy\u00fcttes Igazgat\u00f3: Holl\u00f3k\u0151i Lajos<\/p>\n","protected":false},"author":1,"featured_media":0,"parent":1619,"menu_order":6,"comment_status":"closed","ping_status":"closed","template":"","meta":{"footnotes":""},"class_list":["post-1422","page","type-page","status-publish","hentry"],"_links":{"self":[{"href":"https:\/\/www.andicsalpar.hu\/wordpress\/index.php?rest_route=\/wp\/v2\/pages\/1422","targetHints":{"allow":["GET"]}}],"collection":[{"href":"https:\/\/www.andicsalpar.hu\/wordpress\/index.php?rest_route=\/wp\/v2\/pages"}],"about":[{"href":"https:\/\/www.andicsalpar.hu\/wordpress\/index.php?rest_route=\/wp\/v2\/types\/page"}],"author":[{"embeddable":true,"href":"https:\/\/www.andicsalpar.hu\/wordpress\/index.php?rest_route=\/wp\/v2\/users\/1"}],"replies":[{"embeddable":true,"href":"https:\/\/www.andicsalpar.hu\/wordpress\/index.php?rest_route=%2Fwp%2Fv2%2Fcomments&post=1422"}],"version-history":[{"count":4,"href":"https:\/\/www.andicsalpar.hu\/wordpress\/index.php?rest_route=\/wp\/v2\/pages\/1422\/revisions"}],"predecessor-version":[{"id":3312,"href":"https:\/\/www.andicsalpar.hu\/wordpress\/index.php?rest_route=\/wp\/v2\/pages\/1422\/revisions\/3312"}],"up":[{"embeddable":true,"href":"https:\/\/www.andicsalpar.hu\/wordpress\/index.php?rest_route=\/wp\/v2\/pages\/1619"}],"wp:attachment":[{"href":"https:\/\/www.andicsalpar.hu\/wordpress\/index.php?rest_route=%2Fwp%2Fv2%2Fmedia&parent=1422"}],"curies":[{"name":"wp","href":"https:\/\/api.w.org\/{rel}","templated":true}]}}