{"id":1336,"date":"2020-03-13T18:31:50","date_gmt":"2020-03-13T17:31:50","guid":{"rendered":"http:\/\/www.andicsalpar.hu\/wordpress\/?page_id=1336"},"modified":"2020-04-13T13:07:06","modified_gmt":"2020-04-13T11:07:06","slug":"balogh-kalman-es-a-gipsy-cimbalom-band","status":"publish","type":"page","link":"https:\/\/www.andicsalpar.hu\/wordpress\/?page_id=1336","title":{"rendered":"T\u00edz \u00e9ves a Fon\u00f3 &#8211; Balogh K\u00e1lm\u00e1n \u00e9s a Gipsy Cimbalom Band &#8211; 2005"},"content":{"rendered":"<div style=\"width: 355px;\" class=\"wp-video\"><video class=\"wp-video-shortcode\" id=\"video-1336-1\" width=\"355\" height=\"200\" preload=\"metadata\" controls=\"controls\"><source type=\"video\/mp4\" src=\"http:\/\/www.andicsalpar.hu\/video\/2005.10.01_fono_balogh.mp4?_=1\" \/><a href=\"http:\/\/www.andicsalpar.hu\/video\/2005.10.01_fono_balogh.mp4\">http:\/\/www.andicsalpar.hu\/video\/2005.10.01_fono_balogh.mp4<\/a><\/video><\/div>\n<p>Fon\u00f3 Budai Zeneh\u00e1z, 2005.10.01.<\/p>\n<p><strong>10 \u00e9ves a Fon\u00f3<\/strong><\/p>\n<p><strong>Balogh K\u00e1lm\u00e1n \u00e9s a Gipsy Cimbalom Band<\/strong><\/p>\n\n\n<p><strong>Balogh K\u00e1lm\u00e1n<\/strong> &#8211; cimbalom,<strong> Budai S\u00e1ndor<\/strong> &#8211; heged\u0171, <strong>Kov\u00e1cs Ferenc<\/strong> &#8211; trombita, heged\u0171, <strong>Major L\u00e1szl\u00f3<\/strong> &#8211; heged\u0171, <strong>Nov\u00e1k Csaba<\/strong> &#8211; nagyb\u0151g\u0151<\/p>\n","protected":false},"excerpt":{"rendered":"<p>Fon\u00f3 Budai Zeneh\u00e1z, 2005.10.01. 10 \u00e9ves a Fon\u00f3 Balogh K\u00e1lm\u00e1n \u00e9s a Gipsy Cimbalom Band Balogh K\u00e1lm\u00e1n &#8211; cimbalom, Budai S\u00e1ndor &#8211; heged\u0171, Kov\u00e1cs Ferenc &#8211; trombita, heged\u0171, Major L\u00e1szl\u00f3 &#8211; heged\u0171, Nov\u00e1k Csaba &#8211; nagyb\u0151g\u0151<\/p>\n","protected":false},"author":1,"featured_media":0,"parent":1619,"menu_order":2,"comment_status":"closed","ping_status":"closed","template":"","meta":{"footnotes":""},"class_list":["post-1336","page","type-page","status-publish","hentry"],"_links":{"self":[{"href":"https:\/\/www.andicsalpar.hu\/wordpress\/index.php?rest_route=\/wp\/v2\/pages\/1336","targetHints":{"allow":["GET"]}}],"collection":[{"href":"https:\/\/www.andicsalpar.hu\/wordpress\/index.php?rest_route=\/wp\/v2\/pages"}],"about":[{"href":"https:\/\/www.andicsalpar.hu\/wordpress\/index.php?rest_route=\/wp\/v2\/types\/page"}],"author":[{"embeddable":true,"href":"https:\/\/www.andicsalpar.hu\/wordpress\/index.php?rest_route=\/wp\/v2\/users\/1"}],"replies":[{"embeddable":true,"href":"https:\/\/www.andicsalpar.hu\/wordpress\/index.php?rest_route=%2Fwp%2Fv2%2Fcomments&post=1336"}],"version-history":[{"count":3,"href":"https:\/\/www.andicsalpar.hu\/wordpress\/index.php?rest_route=\/wp\/v2\/pages\/1336\/revisions"}],"predecessor-version":[{"id":3306,"href":"https:\/\/www.andicsalpar.hu\/wordpress\/index.php?rest_route=\/wp\/v2\/pages\/1336\/revisions\/3306"}],"up":[{"embeddable":true,"href":"https:\/\/www.andicsalpar.hu\/wordpress\/index.php?rest_route=\/wp\/v2\/pages\/1619"}],"wp:attachment":[{"href":"https:\/\/www.andicsalpar.hu\/wordpress\/index.php?rest_route=%2Fwp%2Fv2%2Fmedia&parent=1336"}],"curies":[{"name":"wp","href":"https:\/\/api.w.org\/{rel}","templated":true}]}}